701748?
True
Is 150876 a multiple of 22?
True
Is 37 a factor of 10543025?
False
Is 14 a factor of 25497?
False
Is 231229 a multiple of 186?
False
Is 676 a factor of 842296?
True
Is 172776 a multiple of 124?
False
Does 177 divide 63360?
False
Is 383 a factor of 8245607?
True
Is 968940 a multiple of 140?
True
Is 178516 a multiple of 26?
True
Is 66470 a multiple of 85?
True
Is 3 a factor of 6243?
True
Is 10 a factor of 51760?
True
Is 71136 a multiple of 18?
True
Does 15 divide 711660?
True
Is 5130990 a multiple of 1213?
True
Is 771577 a multiple of 33?
False
Does 18 divide 148608?
True
Is 59387 a multiple of 4?
False
Is 1054531 a multiple of 181?
False
Is 153 a factor of 176023?
False
Does 16 divide 574544?
True
Does 38 divide 4393788?
True
Is 27 a factor of 260307?
True
Is 2241 a factor of 15254136?
False
Does 339 divide 424767?
True
Does 3 divide 147849?
True
Is 156460 a multiple of 61?
False
Is 4 a factor of 1002548?
True
Is 215577 a multiple of 18?
False
Does 828 divide 3099143?
False
Is 3308175 a multiple of 261?
True
Does 7 divide 9374645?
True
Does 35 divide 667520?
True
Does 22 divide 22905?
False
Does 81 divide 15206?
False
Does 50 divide 672763?
False
Is 33892 a multiple of 127?
False
Is 2 a factor of 15733?
False
Is 5989427 a multiple of 28?
False
Is 107525 a multiple of 5?
True
Is 124 a factor of 6599032?
True
Is 13 a factor of 312382?
False
Is 134541 a multiple of 3?
True
Does 495 divide 4739130?
True
Does 215 divide 1202925?
True
Is 2972600 a multiple of 3?
False
Is 315031 a multiple of 123?
False
Is 3354948 a multiple of 36?
True
Does 10 divide 22250?
True
Does 176 divide 565488?
True
Does 36 divide 32595?
False
Is 129044 a multiple of 164?
False
Is 207 a factor of 2191716?
True
Is 16 a factor of 262032?
True
Is 21 a factor of 14813864?
False
Does 17 divide 91198?
False
Is 307 a factor of 6056496?
True
Is 935454 a multiple of 9?
False
Is 11 a factor of 25870017?
False
Is 151500 a multiple of 7?
False
Is 558 a factor of 2426893?
False
Does 15 divide 130950?
True
Is 8211474 a multiple of 18?
True
Is 420242 a multiple of 196?
False
Does 8 divide 4085104?
True
Is 48 a factor of 1460544?
True
Does 14 divide 3671052?
True
Does 167 divide 171680?
False
Does 70 divide 2345977?
False
Does 52 divide 7904?
True
Is 17312706 a multiple of 422?
False
Is 651950 a multiple of 221?
True
Does 650 divide 3969550?
True
Does 77 divide 1205326?
False
Is 735157 a multiple of 52?
False
Is 3499057 a multiple of 56?
False
Is 17 a factor of 1606383?
False
Does 43 divide 262859?
True
Is 1460427 a multiple of 601?
False
Is 12584 a multiple of 44?
True
Does 81 divide 306972?
False
Is 2144032 a multiple of 22?
True
Is 30256 a multiple of 136?
False
Does 64 divide 27328?
True
Does 55 divide 8292350?
True
Is 6686150 a multiple of 242?
False
Is 1312581 a multiple of 56?
False
Is 2 a factor of 1105256?
True
Does 98 divide 908038?
False
Does 6 divide 61526?
False
Does 95 divide 3199494?
False
Is 5291 a multiple of 13?
True
Is 43616 a multiple of 16?
True
Is 75 a factor of 8166844?
False
Is 25 a factor of 7192248?
False
Is 82 a factor of 84888?
False
Does 57 divide 1968373?
False
Does 68 divide 47565?
False
Is 1324460 a multiple of 10?
True
Is 51 a factor of 829850?
False
Does 438 divide 5293102?
False
Does 5 divide 259106?
False
Is 1854696 a multiple of 8?
True
Does 78 divide 5137626?
True
Is 4 a factor of 7906?
False
Is 2459848 a multiple of 137?
False
Is 22445 a multiple of 4?
False
Does 388 divide 13837?
False
Is 133 a factor of 4049589?
False
Does 11 divide 199738?
True
Is 172 a factor of 116960?
True
Is 465320 a multiple of 20?
True
Is 7 a factor of 152656?
True
Is 718 a factor of 2826766?
True
Does 99 divide 3004261?
False
Is 1174938 a multiple of 6?
True
Is 2954205 a multiple of 111?
False
Does 327 divide 24198?
True
Does 686 divide 16797?
False
Is 1044 a factor of 2903364?
True
Is 8 a factor of 260032?
True
Is 6738186 a multiple of 533?
True
Does 657 divide 443363?
False
Does 1332 divide 2991672?
True
Is 4257851 a multiple of 684?
False
Is 184 a factor of 13812593?
False
Is 90 a factor of 18908?
False
Is 2 a factor of 1868955?
False
Is 230126 a multiple of 372?
False
Is 182292 a multiple of 14?
False
Does 49 divide 48853?
True
Is 4727422 a multiple of 49?
True
Is 19 a factor of 198151?
True
Is 198 a factor of 922086?
True
Is 130 a factor of 4589596?
False
Is 5752243 a multiple of 68?
False
Is 113 a factor of 426914?
True
Is 4 a factor of 334366?
False
Does 12 divide 448476?
True
Is 36 a factor of 204847?
False
Does 22 divide 15472820?
True
Does 9 divide 213327?
True
Does 222 divide 2809761?
False
Is 1182888 a multiple of 8?
True
Is 3055122 a multiple of 14?
True
Does 60 divide 134340?
True
Does 52 divide 81736?
False
Is 559271 a multiple of 19?
False
Does 461 divide 674161?
False
Does 18 divide 12381000?
False
Is 1770531 a multiple of 30?
False
Is 5629349 a multiple of 6?
False
Does 50 divide 60367?
False
Is 641376 a multiple of 544?
True
Is 79 a factor of 314473?
False
Is 3 a factor of 424359?
True
Is 2398844 a multiple of 3?
False
Does 515 divide 3657015?
True
Is 24037996 a multiple of 1887?
False
Is 16976 even?
True
Is 14065 a multiple of 310?
False
Is 29 a factor of 91216?
False
Does 112 divide 409136?
True
Is 379262 a multiple of 58?
True
Is 41 a factor of 1708862?
False
Is 487154 a multiple of 271?
False
Is 169 a factor of 5722002?
True
Is 155 a factor of 313816?
False
Is 31 a factor of 4522583?
False
Is 220389 a multiple of 519?
False
Does 56 divide 12560?
False
Does 36 divide 5061420?
True
Is 4631050 a multiple of 144?
False
Is 41282564 a multiple of 13?
False
Is 140208 a multiple of 54?
False
Is 121 a factor of 642782?
False
Does 11 divide 238816?
False
Does 39 divide 2074488?
True
Does 333 divide 489138?
False
Is 3286992 a multiple of 496?
True
Does 1138 divide 8541828?
True
Is 38 a factor of 552933?
False
Is 4997696 a multiple of 124?
True
Does 18 divide 755?
False
Is 225828 a multiple of 81?
True
Is 266205 a multiple of 15?
True
Does 43 divide 72068?
True
Does 120 divide 6953280?
True
Is 88 a factor of 918632?
True
Does 3 divide 123842?
False
Is 19700 a multiple of 421?
False
Does 209 divide 103525?
False
Is 2119499 a multiple of 12?
False
Is 23 a factor of 63687?
True
Is 141075 a multiple of 95?
True
Does 241 divide 147733?
True
Is 205 a factor of 185525?
True
Does 14 divide 318934?
True
Is 92989 a multiple of 5?
False
Is 151421 a multiple of 299?
False
Is 5 a factor of 20749?
False
Is 91 a factor of 120575?
True
Does 138 divide 1198011?
False
Is 170190 a multiple of 203?
False
Does 11 divide 211323?
False
Is 537 a factor of 5988624?
True
Does 243 divide 132435?
True
Does 171 divide 191815?
False
Is 1091414 a multiple of 304?
False
Is 10 a factor of 199070?
True
Is 10347 a multiple of 2?
False
Is 3238905 a multiple of 41?
False
Is 109511 a multiple of 41?
True
Is 147 a factor of 974904?
True
Is 59750 a multiple of 439?
False
Does 82 divide 1519706?
True
Is 520839 a multiple of 24?
False
Does 11 divide 1821039?
True
Does 7 divide 826771?
False
Is 926599 a multiple of 53?
True
Does 17 divide 162358?
False
Is 10469355 a multiple of 15?
True
Does 15 divide 307967?
False
Does 471 divide 322619?
False
Is 43 a factor of 410056?
False
Is 16 a factor of 5673419?
False
Is 77714 a multiple of 18?
False
Is 51 a factor of 15127314?
True
Is 80 a factor of 182718?
False
Does 178 divide 2185194?
False
Is 71 a factor of 834657?
False
Is 66 a factor of 115490?
False
Is 299 a factor of 143221?
True
Is 3519727 a multiple of 595?
False
Is 1330560 a multiple of 60?
True
Is 1051403 a multiple of 61?
False
Is 51 a factor of 81702?
True
Is 443449 a multiple of 1117?
True
Is 96930 a multiple of 7?
False
Is 8 a factor of 1073734?
False
Is 15 a factor of 915102?
False
Is 2951621 a multiple of 492?
False
Does 92 divide 46639?
False
Is 1491140 a multiple of 7?
True
Is 10 a factor of 1944190?
True
Is 94188 a multiple of 47?
True
Is 419 a factor of 19249212?
False
Is 41 a factor of 7309398?
True
Is 1507844 a multiple of 214?
True
Is 68013 a multiple of 297?
True
Does 458 divide 263320?
False
Does 21 divide 12117?
True
Is 46980 a multiple of 9?
True
Is 149770 a multiple of 8?
False
Is 53060 a multiple of 45?
False
Is 1002 a factor of 1426848?
True
Does 120 divide 36840?
Tru